at are the prime factors of 51268?
2, 7, 1831
What are the prime factors of 73485?
3, 5, 23, 71
List the prime factors of 661.
661
List the prime factors of 782.
2, 17, 23
List the prime factors of 2004.
2, 3, 167
List the prime factors of 5445.
3, 5, 11
What are the prime factors of 23727?
3, 11, 719
What are the prime factors of 1821?
3, 607
List the prime factors of 537.
3, 179
What are the prime factors of 2325?
3, 5, 31
List the prime factors of 17395.
5, 7, 71
What are the prime factors of 305?
5, 61
What are the prime factors of 28888?
2, 23, 157
What are the prime factors of 36494?
2, 71, 257
List the prime factors of 17591.
7, 359
What are the prime factors of 2367?
3, 263
What are the prime factors of 97?
97
What are the prime factors of 227?
227
What are the prime factors of 80644?
2, 20161
List the prime factors of 100873.
149, 677
List the prime factors of 3486.
2, 3, 7, 83
List the prime factors of 13664.
2, 7, 61
List the prime factors of 1410.
2, 3, 5, 47
List the prime factors of 22.
2, 11
What are the prime factors of 1479?
3, 17, 29
What are the prime factors of 37848?
2, 3, 19, 83
What are the prime factors of 38454?
2, 3, 13, 17, 29
What are the prime factors of 13897?
13, 1069
List the prime factors of 9059.
9059
List the prime factors of 118197.
3, 23, 571
What are the prime factors of 904?
2, 113
What are the prime factors of 26480?
2, 5, 331
List the prime factors of 1652.
2, 7, 59
What are the prime factors of 7107?
3, 23, 103
What are the prime factors of 736?
2, 23
List the prime factors of 31168.
2, 487
What are the prime factors of 1736?
2, 7, 31
What are the prime factors of 52787?
7, 7541
What are the prime factors of 51356?
2, 37, 347
What are the prime factors of 4748?
2, 1187
List the prime factors of 35795.
5, 7159
What are the prime factors of 1562?
2, 11, 71
List the prime factors of 17062.
2, 19, 449
What are the prime factors of 5734?
2, 47, 61
List the prime factors of 4574.
2, 2287
What are the prime factors of 2685?
3, 5, 179
What are the prime factors of 2962?
2, 1481
List the prime factors of 1852.
2, 463
List the prime factors of 2953.
2953
List the prime factors of 1931.
1931
What are the prime factors of 5653?
5653
List the prime factors of 77780.
2, 5, 3889
What are the prime factors of 9509?
37, 257
List the prime factors of 15568.
2, 7, 139
List the prime factors of 1604.
2, 401
List the prime factors of 13286.
2, 7, 13, 73
What are the prime factors of 3447?
3, 383
What are the prime factors of 8689?
8689
What are the prime factors of 4159?
4159
List the prime factors of 12032.
2, 47
What are the prime factors of 6013?
7, 859
What are the prime factors of 61199?
19, 3221
What are the prime factors of 17039?
11, 1549
List the prime factors of 6264.
2, 3, 29
What are the prime factors of 21460?
2, 5, 29, 37
What are the prime factors of 477?
3, 53
What are the prime factors of 11849?
17, 41
List the prime factors of 752.
2, 47
List the prime factors of 8117.
8117
List the prime factors of 15641.
15641
List the prime factors of 167.
167
What are the prime factors of 2707?
2707
What are the prime factors of 4442?
2, 2221
What are the prime factors of 5044?
2, 13, 97
List the prime factors of 4236.
2, 3, 353
List the prime factors of 63547.
11, 53, 109
List the prime factors of 36510.
2, 3, 5, 1217
List the prime factors of 3669.
3, 1223
List the prime factors of 49681.
49681
List the prime factors of 420.
2, 3, 5, 7
List the prime factors of 793.
13, 61
List the prime factors of 26777.
26777
What are the prime factors of 91318?
2, 45659
What are the prime factors of 37112?
2, 4639
List the prime factors of 14683.
14683
What are the prime factors of 790?
2, 5, 79
List the prime factors of 44936.
2, 41, 137
What are the prime factors of 4626?
2, 3, 257
What are the prime factors of 884?
2, 13, 17
List the prime factors of 21807.
3, 2423
List the prime factors of 21916.
2, 5479
What are the prime factors of 5462?
2, 2731
List the prime factors of 3185.
5, 7, 13
List the prime factors of 9439.
9439
What are the prime factors of 592?
2, 37
What are the prime factors of 53615?
5, 10723
What are the prime factors of 3703?
7, 23
List the prime factors of 540.
2, 3, 5
List the prime factors of 19715.
5, 3943
List the prime factors of 16504.
2, 2063
List the prime factors of 2990.
2, 5, 13, 23
List the prime factors of 2164.
2, 541
List the prime factors of 179.
179
What are the prime factors of 985?
5, 197
What are the prime factors of 903?
3, 7, 43
What are the prime factors of 39387?
3, 19, 691
What are the prime factors of 772?
2, 193
List the prime factors of 512.
2
What are the prime factors of 42033?
3, 14011
List the prime factors of 1400.
2, 5, 7
What are the prime factors of 1198?
2, 599
List the prime factors of 88913.
11, 59, 137
What are the prime factors of 6603?
3, 31, 71
What are the prime factors of 11594?
2, 11, 17, 31
List the prime factors of 3865.
5, 773
List the prime factors of 99750.
2, 3, 5, 7, 19
List the prime factors of 3284.
2, 821
What are the prime factors of 19054?
2, 7, 1361
List the prime factors of 2321.
11, 211
List the prime factors of 3789.
3, 421
List the prime factors of 9256.
2, 13, 89
What are the prime factors of 242?
2, 11
What are the prime factors of 21227?
21227
What are the prime factors of 7475?
5, 13, 23
List the prime factors of 498.
2, 3, 83
What are the prime factors of 112840?
2, 5, 7, 13, 31
List the prime factors of 5837.
13, 449
List the prime factors of 15746.
2, 7873
What are the prime factors of 610?
2, 5, 61
What are the prime factors of 30864?
2, 3, 643
What are the prime factors of 4437?
3, 17, 29
What are the prime factors of 50511?
3, 113, 149
List the prime factors of 905.
5, 181
List the prime factors of 35473.
19, 1867
What are the prime factors of 1244?
2, 311
List the prime factors of 2151.
3, 239
List the prime factors of 12517.
12517
List the prime factors of 113719.
113719
What are the prime factors of 645?
3, 5, 43
What are the prime factors of 984?
2, 3, 41
What are the prime factors of 3123?
3, 347
What are the prime factors of 1750?
2, 5, 7
What are the prime factors of 4372?
2, 1093
What are the prime factors of 10379?
97, 107
What are the prime factors of 4774?
2, 7, 11, 31
What are the prime factors of 2074?
2, 17, 61
What are the prime factors of 66452?
2, 37, 449
List the prime factors of 3045.
3, 5, 7, 29
What are the prime factors of 35546?
2, 7, 2539
What are the prime factors of 6954?
2, 3, 19, 61
List the prime factors of 3342.
2, 3, 557
What are the prime factors of 2134?
2, 11, 97
List the prime factors of 40623.
3, 11, 1231
What are the prime factors of 98195?
5, 41, 479
List the prime factors of 103.
103
What are the prime factors of 21471?
3, 17, 421
What are the prime factors of 1056?
2, 3, 11
List the prime factors of 2651.
11, 241
What are the prime factors of 10313?
10313
What are the prime factors of 21663?
3, 29, 83
What are the prime factors of 5384?
2, 673
List the prime factors of 105592.
2, 67, 197
List the prime factors of 13531.
7, 1933
What are the prime factors of 105179?
17, 23, 269
What are the prime factors of 4093?
4093
List the prime factors of 515.
5, 103
What are the prime factors of 1280?
2, 5
What are the prime factors of 3845?
5, 769
List the prime factors of 1575.
3, 5, 7
What are the prime factors of 426?
2, 3, 71
List the prime factors of 526.
2, 263
What are the prime factors of 1085?
5, 7, 31
What are the prime factors of 11705?
5, 2341
What are the prime factors of 6095?
5, 23, 53
What are the prime factors of 3333?
3, 11, 101
List the prime factors of 3001.
3001
List the prime factors of 1164.
2, 3, 97
List the prime factors of 1495.
5, 13, 23
List the prime factors of 973.
7, 139
List the prime factors of 1680.
2, 3, 5, 7
What are the prime factors of 1221?
3, 11, 37
What are the prime factors of 30409?
47, 647
List the prime factors of 4222.
2, 2111
List the prime factors of 2146.
2, 29, 37
What are the prime factors of 12771?
3, 11, 43
What are the prime factors of 953?
953
What are the prime factors of 1564?
2, 17, 23
What are the prime factors of 2258?
2, 1129
What are the prime factors of 877?
877
What are the prime factors of 4715?
5, 23, 41
What are the prime factors of 23